f 17314476?
6
What is the ten thousands digit of 188509701?
0
What is the ten thousands digit of 76163661?
6
What is the hundred millions digit of 359198748?
3
What is the thousands digit of 380454167?
4
What is the tens digit of 161171358?
5
What is the units digit of 927037996?
6
What is the ten millions digit of 76495803?
7
What is the millions digit of 248717981?
8
What is the ten thousands digit of 346046573?
4
What is the hundreds digit of 91444015?
0
What is the ten millions digit of 197349825?
9
What is the units digit of 3124807007?
7
What is the tens digit of 85998803?
0
What is the hundreds digit of 603458555?
5
What is the hundreds digit of 59691170?
1
What is the thousands digit of 166203491?
3
What is the ten thousands digit of 234430284?
3
What is the thousands digit of 1436418795?
8
What is the hundred thousands digit of 213448778?
4
What is the hundred millions digit of 2905575151?
9
What is the tens digit of 73563083?
8
What is the units digit of 1253853221?
1
What is the hundreds digit of 656667778?
7
What is the ten thousands digit of 7077761?
7
What is the thousands digit of 451251772?
1
What is the units digit of 731528387?
7
What is the hundreds digit of 27671802?
8
What is the hundred millions digit of 164878000?
1
What is the hundred thousands digit of 2146191542?
1
What is the hundred millions digit of 154162177?
1
What is the thousands digit of 84594535?
4
What is the hundred thousands digit of 39858269?
8
What is the tens digit of 3713484002?
0
What is the units digit of 1344469894?
4
What is the ten millions digit of 62556802?
6
What is the thousands digit of 1011625818?
5
What is the hundreds digit of 127465?
4
What is the thousands digit of 26822262?
2
What is the ten millions digit of 93829387?
9
What is the thousands digit of 532242780?
2
What is the ten thousands digit of 485015853?
1
What is the millions digit of 6013530?
6
What is the hundreds digit of 1705445341?
3
What is the hundred millions digit of 4479854846?
4
What is the hundred thousands digit of 42359307?
3
What is the units digit of 1062532546?
6
What is the hundred millions digit of 229649153?
2
What is the thousands digit of 333123597?
3
What is the units digit of 18520331?
1
What is the hundred millions digit of 371721354?
3
What is the hundred millions digit of 207300885?
2
What is the hundred thousands digit of 1263455?
2
What is the billions digit of 1223516201?
1
What is the hundred millions digit of 933854113?
9
What is the ten thousands digit of 61943105?
4
What is the hundreds digit of 4817132?
1
What is the hundred thousands digit of 30709823?
7
What is the tens digit of 4863343950?
5
What is the thousands digit of 217521950?
1
What is the hundreds digit of 30755254?
2
What is the ten millions digit of 6434765346?
3
What is the ten millions digit of 30881463?
3
What is the tens digit of 84858077?
7
What is the thousands digit of 679433140?
3
What is the hundreds digit of 1644656505?
5
What is the hundred millions digit of 2890378836?
8
What is the tens digit of 215602959?
5
What is the billions digit of 1894853198?
1
What is the ten thousands digit of 3668533077?
3
What is the ten thousands digit of 6208293?
0
What is the tens digit of 53039365?
6
What is the hundreds digit of 15385986?
9
What is the millions digit of 3012005135?
2
What is the hundred thousands digit of 1676578?
6
What is the tens digit of 205161690?
9
What is the ten millions digit of 96519278?
9
What is the hundred thousands digit of 575396191?
3
What is the millions digit of 38714704?
8
What is the hundreds digit of 573435761?
7
What is the hundred thousands digit of 77954654?
9
What is the thousands digit of 1398105940?
5
What is the hundred thousands digit of 13683603?
6
What is the ten millions digit of 721803583?
2
What is the hundreds digit of 43552137?
1
What is the thousands digit of 62667012?
7
What is the ten millions digit of 33213707?
3
What is the ten thousands digit of 571896072?
9
What is the ten thousands digit of 1634005618?
0
What is the hundreds digit of 22052488?
4
What is the hundred thousands digit of 1591209877?
2
What is the hundred millions digit of 573748754?
5
What is the hundred thousands digit of 167816758?
8
What is the millions digit of 318568179?
8
What is the hundred thousands digit of 21763703?
7
What is the units digit of 2394189682?
2
What is the thousands digit of 31640902?
0
What is the hundreds digit of 53776198?
1
What is the tens digit of 255973737?
3
What is the hundred thousands digit of 4437808993?
8
What is the units digit of 216816797?
7
What is the ten thousands digit of 43732762?
3
What is the tens digit of 55309402?
0
What is the tens digit of 1441270374?
7
What is the ten millions digit of 445445085?
4
What is the millions digit of 26603652?
6
What is the hundred thousands digit of 792509756?
5
What is the hundreds digit of 61932418?
4
What is the hundreds digit of 357770668?
6
What is the tens digit of 393431259?
5
What is the hundreds digit of 496952632?
6
What is the ten thousands digit of 2103121124?
2
What is the tens digit of 99803633?
3
What is the ten thousands digit of 668394239?
9
What is the hundreds digit of 835984560?
5
What is the thousands digit of 5258014456?
4
What is the hundred thousands digit of 214063881?
0
What is the ten thousands digit of 769225779?
2
What is the hundreds digit of 3672928730?
7
What is the billions digit of 1805078230?
1
What is the units digit of 4061200564?
4
What is the units digit of 4346839?
9
What is the ten millions digit of 177790697?
7
What is the hundreds digit of 12343661?
6
What is the ten thousands digit of 6420652?
2
What is the millions digit of 5761356990?
1
What is the thousands digit of 88051976?
1
What is the units digit of 2834608274?
4
What is the ten millions digit of 1967317161?
6
What is the ten millions digit of 4763010177?
6
What is the units digit of 301470265?
5
What is the millions digit of 486584648?
6
What is the ten millions digit of 1270074874?
7
What is the ten thousands digit of 1224788386?
8
What is the thousands digit of 19481586?
1
What is the ten thousands digit of 609627202?
2
What is the thousands digit of 4465598141?
8
What is the thousands digit of 197874204?
4
What is the hundreds digit of 2395640500?
5
What is the units digit of 504304156?
6
What is the thousands digit of 938049762?
9
What is the ten millions digit of 20886675?
2
What is the ten thousands digit of 6136209894?
0
What is the ten thousands digit of 903189242?
8
What is the hundreds digit of 659667434?
4
What is the units digit of 25582523?
3
What is the thousands digit of 4968421984?
1
What is the hundreds digit of 24900403?
4
What is the units digit of 690984535?
5
What is the hundreds digit of 106409756?
7
What is the ten millions digit of 3332708897?
3
What is the millions digit of 2032847167?
2
What is the tens digit of 691117141?
4
What is the ten millions digit of 72149535?
7
What is the hundreds digit of 90253941?
9
What is the millions digit of 2584427320?
4
What is the millions digit of 77622990?
7
What is the millions digit of 38985198?
8
What is the ten millions digit of 15055454?
1
What is the hundred thousands digit of 973496594?
4
What is the hundred thousands digit of 40259184?
2
What is the tens digit of 582715812?
1
What is the thousands digit of 13074453?
4
What is the tens digit of 65345202?
0
What is the millions digit of 80055001?
0
What is the ten millions digit of 47751820?
4
What is the units digit of 41483483?
3
What is the thousands digit of 29623717?
3
What is the units digit of 51460055?
5
What is the millions digit of 43820563?
3
What is the millions digit of 6083739?
6
What is the hundreds digit of 104921974?
9
What is the hundreds digit of 61852185?
1
What is the hundred millions digit of 1195779002?
1
What is the thousands digit of 33755345?
5
What is the ten thousands digit of 424621523?
2
What is the billions digit of 1138891039?
1
What is the billions digit of 1964153906?
1
What is the millions digit of 236860183?
6
What is the millions digit of 47523234?
7
What is the ten thousands digit of 379005226?
0
What is the ten thousands digit of 81654561?
5
What is the ten millions digit of 17127988?
1
What is the hundreds digit of 107751